 digit of (-45 - -38) + 3/(-9) + (-34383)/(-9)?
3
Let k(a) = a**2 + 23*a + 2863. What is the hundreds digit of k(-113)?
0
Suppose 9*q - 326814 = 180507. What is the hundreds digit of q?
3
Suppose -4*r = 191 + 33. Let o = r + 58. What is the tens digit of (-72)/(-7)*21/o?
0
Let m(c) = -c + 1. Let x(j) = 3*j + 9. Let q(h) = 2*m(h) + x(h). Let n be q(-6). Suppose -g - 436 = -5*k + 2*g, -5*g = n*k - 420. What is the tens digit of k?
8
Let c = 84119 + -43976. What is the hundreds digit of c?
1
Let m be 3/((20/4)/(-15)). What is the units digit of (-8 - m)*3*262/3?
2
Suppose 33011 = -68*s + 561167. What is the hundreds digit of s?
7
Suppose -5*g - 2*x - 18 = 67, -4*x - 65 = 3*g. Let c(p) = -2*p - 18. Let k be c(g). Suppose 0 = 15*b - 11*b - k. What is the units digit of b?
3
Suppose 11885 = 3*r + 5*q, -2*r = -6*q + 4*q - 7918. What is the thousands digit of r?
3
Suppose 31*w + 9840 = 41*w. Suppose 2*b + 0*b - w = 0. What is the tens digit of b?
9
Suppose -25*a - 2689 - 1683 = -143672. What is the hundreds digit of a?
5
Let x(j) = 2*j**2 + 5*j + 9. Let u be x(-4). Suppose c + 0*c + 31 = -4*t, 5*c + 1 = 2*t. What is the tens digit of (4 - (-4 - -4) - u)*t?
1
Let x = 5673 + -1040. What is the hundreds digit of x?
6
Let t(f) = f**3 + 90*f**2 - 147*f - 13. What is the hundreds digit of t(-91)?
0
Suppose -82*b = -65735 - 623475. What is the tens digit of b?
0
What is the thousands digit of (-4698)/(-3915) - (-2 - 67904/5)?
3
Let r(p) = 278*p**2 + 100*p + 496. What is the tens digit of r(-15)?
4
Let s = 20193 - 8127. What is the ten thousands digit of s?
1
Suppose 5*a - 47982 = -2*t, -4*a - 66250 = -3*t + 5631. What is the tens digit of t?
7
Suppose 0 = 3*t + t + 4264 - 110156. What is the ten thousands digit of t?
2
Suppose 5*z - 505 - 75 = 0. Suppose -293 + z = -f. What is the hundreds digit of f?
1
Suppose -6*s - b + 18623 = -4*s, -2 = 2*b. What is the thousands digit of s?
9
Let s = 3192 - 1787. Suppose -2*d + 1702 = -2*g, 285 + s = 2*d + 2*g. What is the hundreds digit of d?
8
Let v = 3629 - 2204. Suppose 0 = -0*k + 5*k - v. Let i = -187 + k. What is the units digit of i?
8
Let m = 784 - 869. What is the tens digit of 947/2*(-340)/m?
9
Suppose s + 3*h - 2 = -0*h, -2*h = 3*s - 6. Suppose 8*o - s*o = 42. Suppose -o*r - 39 + 613 = 0. What is the tens digit of r?
8
Let r = -367 - -369. Suppose 431 = r*a + 5*h + 56, 3*a = -2*h + 557. What is the tens digit of a?
8
Let q = -61 - -68. Suppose -l = q*k - 2*k - 408, 0 = 3*k - l - 248. Suppose -t + k = t + 3*s, -5*t - 5*s + 200 = 0. What is the units digit of t?
8
What is the tens digit of (3 - (-5 + -5)) + 8176?
8
Let y be (-488362)/(-112) + (30/16)/(-5). Let c = y - 3013. What is the thousands digit of c?
1
Let v(k) = 2*k**2 - 22*k - 4. Let p be v(10). Let x = -25 - p. What is the units digit of (-1)/((-2)/(-6)) - (x - 100)?
8
Suppose -5579 = -29*i - 997. Let w(t) = t**2 + 5*t + 7. Let s be w(5). Let l = i + s. What is the tens digit of l?
1
Suppose 5*z = 6*z + 6*z. Suppose -3*j = 0, -5*w - 3*j = -z*j - 15. Suppose -d - n = -37, w*d - n - 121 = -6*n. What is the tens digit of d?
3
Let c be 4/(-14) + (-2)/(-7). Suppose -x + 1370 + 777 = 5*s, -5*s + 4*x + 2162 = c. Suppose 8*w - s = -2*w. What is the units digit of w?
3
Let h(v) = 5*v + 6. Let k be h(-9). Let a = k + 53. What is the units digit of 6/14 - ((-4014)/a)/3?
6
Let r = 201 - 118. Suppose -2*x + 83 = -x - h, -r = -x - 3*h. What is the tens digit of x?
8
Let m be (-1 + (-1)/3)*138/(-92). Suppose u + 150 = m*u. Suppose -5*x = -7*k + 8*k - u, x + 854 = 5*k. What is the tens digit of k?
7
Let v = -4351 - -8123. What is the tens digit of v?
7
Let i = -66 + 70. Let l(y) = -70*y**3 + i*y + 71*y**3 - 3 + 0 - 1 - 4*y**2. What is the tens digit of l(5)?
4
Suppose 3*k = -m - 10, 5*m - k - 4*k = 50. Suppose -m*g - 6125 = 5*v, 5*v + 3969 = 3*g - 2180. What is the units digit of 1 + (-13)/15 + v/(-15)?
2
Suppose 3*h + 16*n = 22*n + 12576, -5*h = -2*n - 21000. What is the thousands digit of h?
4
Suppose -v - l - 359 = 0, -4*v + l - 2184 = -748. Let d be (-16)/(-12) - v/3. Let c = d + -60. What is the tens digit of c?
6
Let r(b) = 5*b + 46. Let h be r(-21). Let k = -7 - h. Suppose k = 3*p - 62. What is the units digit of p?
8
Suppose 2*g + 7 = 5. Let n be ((-165)/(-22))/(g/70). What is the units digit of n/(-6) - 7/14?
7
Let s(k) = 426*k - 1381. What is the units digit of s(38)?
7
Let l(m) = 3*m**2 + 113*m + 2082. What is the hundreds digit of l(-29)?
3
Let w = 5 + -2. Suppose -p + 5*c - 18 = 2, -w*c = 5*p - 12. Suppose 550 = -p*y + 5*y. What is the units digit of y?
0
Let q be 524/22 + 4/(-198)*-9. Suppose 18*j + 2526 = q*j. What is the hundreds digit of j?
4
Let c(b) = 77*b - 2428. What is the tens digit of c(36)?
4
Let c be (15/((-180)/(-16)))/((-2)/(-3)). Suppose -2*t + 0*t + 4 = 0. What is the units digit of ((-38)/t*c)/(-1)?
8
Suppose 0 = -10*o - 1867 - 12203. Let s = o + 3009. What is the hundreds digit of s?
6
Let r = 206 + -203. What is the units digit of (-7 - 5)*((-75)/10 + r)?
4
Suppose -6548*n = -6592*n + 1854820. What is the tens digit of n?
5
Let a be (-2)/12 - 449/6. Let n = a - -75. Suppose n = -0*s - 6*s + 990. What is the tens digit of s?
6
Let k(w) = w**3 + 41*w**2 - 4*w + 35. What is the thousands digit of k(-31)?
9
Let c = 44689 + -19064. Suppose -c = 5*w - 30*w. What is the hundreds digit of w?
0
Let v = -32405 - -49930. What is the ten thousands digit of v?
1
Suppose 0 = -27*x + 11*x. Suppose 12*i - 8*i - 3336 = x. What is the tens digit of 3/9 + i/9?
9
Let w(y) = 94*y**2 - 4*y - 9. Let n be w(-9). Suppose -4*b - 5488 = -4*r, -4*b + n = 5*r + 799. What is the tens digit of r?
7
What is the units digit of (-14966536)/(-728) + (-6)/14?
8
Let o = -5236 - -14010. What is the thousands digit of o?
8
Suppose -4*n - 101 = 3*m, -7*n + 4*m = -2*n + 103. Let v = n - -78. Suppose 0 = -5*x - 2*l + 191, -3*l + v = -2*x + 139. What is the units digit of x?
9
Let l = -8935 - -13554. What is the tens digit of l?
1
Suppose 70*n - 74*n + 68142 = -2*p, n + 3*p = 17060. What is the units digit of n?
9
Let t = 338 + -334. Suppose -f + t = 0, -4*q - 2*f = -q - 1547. What is the tens digit of q?
1
Let f = 1534 - 710. What is the tens digit of (72/20)/(-9) + f/10?
8
Let v = 19 + -96. Let s(g) = 6*g**2 + 7*g + 27. Let d be s(4). Let j = d + v. What is the units digit of j?
4
Let i = 46785 + -19515. What is the tens digit of i?
7
Suppose -84*b + 14599 + 185 = 0. Suppose -2*d - 3*d = -545. Suppose -d = -5*q + b. What is the tens digit of q?
5
Suppose p = -2*m + 8, 3*p + 0*m = m + 10. Let z = p - -6. Suppose z*v - 5*v = 140. What is the tens digit of v?
2
Let q(t) = -t**3 - 4*t**2 + 15*t - 158. What is the thousands digit of q(-23)?
9
Suppose 3*d - x = 3, 5*d + 5 = 8*x - 3*x. Suppose 16*l + 126*l - 14342 = 0. Suppose k = l - d. What is the units digit of k?
9
Let x be (-3)/((15/(-26))/(-5)). Let u = -19 - x. Suppose 134 = u*d - 62. What is the units digit of d?
8
Let h(d) = -113*d - 26. Suppose -2 = 3*p - 5*t, 3*p = -3*t - 0*t - 18. What is the tens digit of h(p)?
2
Let n = 66 + -61. Let i be 30/(n/15*(-1 + -2)). What is the units digit of (-76 + 0)*i/24?
5
Suppose 2*m = -4*m - 756. Let b = 172 - m. Suppose 4*t = -4*l + 158 + b, 4*t = 4*l + 456. What is the tens digit of t?
1
Suppose 794 = 4*z + 206. Suppose -72 = s - 0*s. Let t = z + s. What is the tens digit of t?
7
Suppose -16354 = -6*p + 5*p - 4*o, -2*p = 4*o - 32724. What is the tens digit of p?
7
Suppose -1132 = -4*r - 5*f + 1035, -4*r + f = -2173. Suppose 0 = 5*l - 72 - r. What is the units digit of l?
3
Let n = 1489 + 261. Suppose -11*b = -n - 10163. What is the hundreds digit of b?
0
Suppose -111*r + 55*r + 31360 = -54*r. What is the thousands digit of r?
5
Suppose -5*m = -3*m + 56. Let i = -29 - m. What is the tens digit of i/((-843)/(-282) - 3)?
9
Let q = 0 + 7. Suppose -101 = q*k + 214. Let b = k + 211. What is the units digit of b?
6
Suppose -9*y - 153*y = -972324. What is the units digit of y?
2
Let o(k) = 554*k**2 + 567*k + 1700. What is the units digit of o(-3)?
5
What is the ten thousands digit of (-19 - 528/(-28))/((-3)/222873)?
1
Let f be -11 - (-4 + 0 + 5). Let b be (-15 - 205)*f/10. Suppose 4*w + 102 = q, -4*q + 2*w = -b - 144. What is the tens digit of q?
0
Let s = 17180 - 9136. What is the tens